{"id":3377,"date":"2020-06-27T23:00:03","date_gmt":"2020-06-27T21:00:03","guid":{"rendered":"http:\/\/liceaga.facmed.unam.mx\/especial\/familiar\/?page_id=3377"},"modified":"2020-10-30T14:54:23","modified_gmt":"2020-10-30T20:54:23","slug":"historia-de-la-medicina-familiar","status":"publish","type":"page","link":"https:\/\/medfam.fmposgrado.unam.mx\/index.php\/historia-de-la-medicina-familiar\/","title":{"rendered":"Historia de la Medicina Familiar"},"content":{"rendered":"<p>[et_pb_section fb_built=\u00bb1&#8243; _builder_version=\u00bb4.6.6&#8243; background_image=\u00bbhttp:\/\/liceaga.facmed.unam.mx\/especial\/familiar\/wp-content\/uploads\/2020\/04\/Mi-peli\u0301cula-6-1.jpg\u00bb background_size=\u00bbcontain\u00bb custom_margin=\u00bb7px||||false|false\u00bb top_divider_style=\u00bbramp\u00bb top_divider_color=\u00bb#e09900&#8243; top_divider_height=\u00bb69px\u00bb][et_pb_row column_structure=\u00bb2_3,1_3&#8243; _builder_version=\u00bb4.4.1&#8243;][et_pb_column type=\u00bb2_3&#8243; _builder_version=\u00bb4.4.1&#8243;][et_pb_text _builder_version=\u00bb4.6.6&#8243; text_font=\u00bbABeeZee||||||||\u00bb text_text_color=\u00bb#00447c\u00bb text_font_size=\u00bb18px\u00bb header_font_size=\u00bb28px\u00bb header_line_height=\u00bb1.2em\u00bb header_2_font=\u00bbABeeZee||||||||\u00bb header_2_text_color=\u00bb#00447c\u00bb header_2_font_size=\u00bb22px\u00bb header_2_line_height=\u00bb1.2em\u00bb background_color=\u00bb#ffffff\u00bb text_orientation=\u00bbcenter\u00bb]<\/p>\n<h1 style=\"text-align: left;\"><span style=\"color: #808080;\">Historia de la Medicina Familiar<\/span><\/h1>\n<p>[\/et_pb_text][et_pb_text _builder_version=\u00bb4.6.6&#8243; text_font=\u00bbABeeZee||||||||\u00bb text_text_color=\u00bb#474747&#8243; background_color=\u00bb#ffffff\u00bb text_orientation=\u00bbcenter\u00bb hover_enabled=\u00bb0&#8243; inline_fonts=\u00bbAcme\u00bb sticky_enabled=\u00bb0&#8243;]<\/p>\n<p style=\"text-align: left;\">El contenido de este curso pertenece a la unidad del <strong>PUEM<\/strong> denominada: <span style=\"color: #003366;\"><em>Fundamentos de Medicina Familiar<\/em><\/span> y tiene como prop\u00f3sito que los residentes conozcan c\u00f3mo se origin\u00f3 la especialidad y c\u00f3mo ha evolucionado hasta nuestros d\u00edas. Es un curso MOOC de\u00a0 veinte horas que se encuentra alojado en la plataforma Canvas, los alumnos pueden registrarse utilizando su correo electr\u00f3nico y su n\u00famero de cuenta.<\/p>\n<p>[\/et_pb_text][\/et_pb_column][et_pb_column type=\u00bb1_3&#8243; _builder_version=\u00bb4.4.1&#8243;][et_pb_image src=\u00bbhttp:\/\/liceaga.facmed.unam.mx\/especial\/familiar\/wp-content\/uploads\/2020\/10\/medical-1250589_640.png\u00bb title_text=\u00bbmedical-1250589_640&#8243; _builder_version=\u00bb4.6.6&#8243; _module_preset=\u00bbdefault\u00bb][\/et_pb_image][\/et_pb_column][\/et_pb_row][\/et_pb_section]<\/p>\n","protected":false},"excerpt":{"rendered":"<p>Historia de la Medicina FamiliarEl contenido de este curso pertenece a la unidad del PUEM denominada: Fundamentos de Medicina Familiar y tiene como prop\u00f3sito que los residentes conozcan c\u00f3mo se origin\u00f3 la especialidad y c\u00f3mo ha evolucionado hasta nuestros d\u00edas. Es un curso MOOC de\u00a0 veinte horas que se encuentra alojado en la plataforma Canvas, [&hellip;]<\/p>\n","protected":false},"author":9,"featured_media":0,"parent":0,"menu_order":0,"comment_status":"closed","ping_status":"closed","template":"","meta":{"_et_pb_use_builder":"on","_et_pb_old_content":"","_et_gb_content_width":"","footnotes":""},"class_list":["post-3377","page","type-page","status-publish","hentry"],"_links":{"self":[{"href":"https:\/\/medfam.fmposgrado.unam.mx\/index.php\/wp-json\/wp\/v2\/pages\/3377","targetHints":{"allow":["GET"]}}],"collection":[{"href":"https:\/\/medfam.fmposgrado.unam.mx\/index.php\/wp-json\/wp\/v2\/pages"}],"about":[{"href":"https:\/\/medfam.fmposgrado.unam.mx\/index.php\/wp-json\/wp\/v2\/types\/page"}],"author":[{"embeddable":true,"href":"https:\/\/medfam.fmposgrado.unam.mx\/index.php\/wp-json\/wp\/v2\/users\/9"}],"replies":[{"embeddable":true,"href":"https:\/\/medfam.fmposgrado.unam.mx\/index.php\/wp-json\/wp\/v2\/comments?post=3377"}],"version-history":[{"count":5,"href":"https:\/\/medfam.fmposgrado.unam.mx\/index.php\/wp-json\/wp\/v2\/pages\/3377\/revisions"}],"predecessor-version":[{"id":4612,"href":"https:\/\/medfam.fmposgrado.unam.mx\/index.php\/wp-json\/wp\/v2\/pages\/3377\/revisions\/4612"}],"wp:attachment":[{"href":"https:\/\/medfam.fmposgrado.unam.mx\/index.php\/wp-json\/wp\/v2\/media?parent=3377"}],"curies":[{"name":"wp","href":"https:\/\/api.w.org\/{rel}","templated":true}]}}